ivisor of 24 and 192.
24
What is the greatest common factor of 16330 and 690?
230
Calculate the greatest common factor of 14 and 5558.
14
Calculate the highest common factor of 69394 and 17.
17
Calculate the highest common divisor of 434 and 112.
14
Calculate the highest common factor of 1908 and 180.
36
Calculate the greatest common factor of 1178 and 874.
38
What is the highest common divisor of 260 and 100?
20
What is the highest common divisor of 210 and 30?
30
Calculate the greatest common divisor of 145 and 5.
5
What is the greatest common factor of 572 and 65?
13
Calculate the greatest common factor of 1125 and 2475.
225
Calculate the greatest common factor of 1005 and 737.
67
What is the highest common divisor of 2100 and 10?
10
What is the highest common factor of 120 and 606?
6
What is the highest common factor of 99 and 369?
9
Calculate the highest common factor of 5 and 4.
1
What is the greatest common divisor of 19747 and 651?
217
Calculate the highest common factor of 65 and 10.
5
What is the highest common factor of 56 and 16?
8
What is the highest common factor of 4840 and 24?
8
Calculate the highest common factor of 1 and 229.
1
Calculate the highest common divisor of 44 and 64.
4
What is the highest common factor of 84 and 3549?
21
Calculate the greatest common divisor of 220 and 420.
20
Calculate the greatest common factor of 43 and 1.
1
Calculate the highest common factor of 22 and 6963.
11
What is the greatest common factor of 390 and 50?
10
What is the highest common factor of 5456 and 403?
31
What is the highest common divisor of 3380 and 7020?
260
What is the highest common factor of 936 and 2223?
117
Calculate the highest common factor of 102 and 222.
6
Calculate the highest common divisor of 146 and 1679.
73
What is the greatest common factor of 2624 and 5084?
164
What is the highest common divisor of 2546 and 95?
19
What is the greatest common divisor of 98 and 14?
14
What is the highest common factor of 6748 and 168?
28
What is the highest common factor of 715 and 55?
55
Calculate the greatest common factor of 444 and 12.
12
What is the highest common factor of 55338 and 46?
46
Calculate the highest common factor of 465 and 31.
31
Calculate the highest common divisor of 1274 and 4186.
182
What is the highest common divisor of 30 and 1575?
15
Calculate the highest common factor of 64 and 7808.
64
What is the highest common divisor of 4 and 4?
4
What is the highest common factor of 98525 and 175?
175
Calculate the greatest common divisor of 5901 and 4496.
281
Calculate the greatest common divisor of 112 and 148.
4
Calculate the greatest common divisor of 6889 and 664.
83
Calculate the greatest common divisor of 2104 and 8.
8
What is the highest common factor of 50948 and 188?
188
What is the highest common factor of 12186 and 18?
18
Calculate the highest common factor of 1798 and 124.
62
What is the highest common factor of 9 and 45?
9
What is the greatest common factor of 12 and 14256?
12
What is the greatest common factor of 162 and 36?
18
Calculate the greatest common factor of 258 and 1204.
86
Calculate the highest common divisor of 38 and 437.
19
Calculate the highest common divisor of 7 and 53.
1
Calculate the highest common divisor of 1067 and 388.
97
Calculate the greatest common divisor of 283 and 1.
1
What is the highest common factor of 7040 and 275?
55
Calculate the highest common factor of 343 and 147.
49
What is the highest common divisor of 170 and 40?
10
Calculate the highest common factor of 180 and 380.
20
What is the greatest common divisor of 20 and 270?
10
What is the greatest common factor of 2242 and 1216?
38
Calculate the greatest common divisor of 656 and 41.
41
Calculate the highest common factor of 212 and 1749.
53
Calculate the highest common divisor of 30 and 50.
10
Calculate the highest common factor of 2524 and 4.
4
What is the greatest common divisor of 20 and 2630?
10
Calculate the greatest common factor of 33 and 3.
3
What is the greatest common divisor of 3904 and 61?
61
Calculate the greatest common factor of 45 and 405.
45
What is the greatest common divisor of 77 and 35?
7
Calculate the highest common divisor of 38 and 48.
2
Calculate the highest common divisor of 34 and 1309.
17
What is the highest common divisor of 49 and 217?
7
What is the greatest common divisor of 135 and 369?
9
What is the greatest common divisor of 8261 and 11?
11
Calculate the greatest common factor of 506 and 276.
46
Calculate the greatest common factor of 550 and 250.
50
What is the greatest common divisor of 603 and 14673?
201
Calculate the greatest common divisor of 22 and 66.
22
Calculate the highest common divisor of 9915 and 30.
15
What is the highest common divisor of 18 and 1773?
9
Calculate the highest common divisor of 49 and 28.
7
Calculate the greatest common factor of 190 and 3382.
38
Calculate the greatest common factor of 44 and 8206.
22
Calculate the highest common factor of 949 and 1095.
73
Calculate the highest common factor of 391 and 68.
17
Calculate the highest common factor of 10730 and 1450.
290
Calculate the greatest common divisor of 260 and 1131.
13
What is the highest common factor of 77 and 22?
11
What is the highest common factor of 30 and 96?
6
Calculate the highest common divisor of 4746 and 210.
42
What is the highest common divisor of 372 and 24?
12
What is the highest common divisor of 24 and 648?
24
Calculate the highest common divisor of 72 and 18.
18
Calculate the highest common divisor of 334 and 16366.
334
What is the highest common factor of 245 and 140?
35
What is the greatest common divisor of 5510 and 290?
290
What is the highest common factor of 39 and 91?
13
What is the highest common divisor of 100 and 40?
20
What is the highest common factor of 376 and 5029?
47
Calculate the highest common factor of 213 and 71.
71
What is the greatest common divisor of 16 and 72?
8
Calculate the greatest common divisor of 37 and 15910.
37
Calculate the highest common divisor of 165 and 275.
55
What is the highest common factor of 6 and 2181?
3
Calculate the highest common factor of 8 and 38.
2
Calculate the highest common factor of 2484 and 324.
108
What is the highest common factor of 1122 and 44?
22
Calculate the greatest common divisor of 30 and 90.
30
Calculate the greatest common divisor of 651 and 1344.
21
Calculate the highest common factor of 64 and 160.
32
Calculate the greatest common divisor of 1606 and 292.
146
What is the highest common factor of 901 and 17?
17
Calculate the greatest common divisor of 170 and 29410.
170
What is the greatest common factor of 416 and 156?
52
Calculate the highest common factor of 45 and 8145.
45
Calculate the greatest common divisor of 19 and 589.
19
Calculate the highest common factor of 54 and 41337.
27
Calculate the greatest common divisor of 62 and 775.
31
Calculate the highest common divisor of 70 and 3350.
10
What is the greatest common divisor of 234 and 72?
18
What is the greatest common divisor of 4056 and 24?
24
What is the greatest common factor of 23443 and 591?
197
What is the greatest common factor of 243 and 162?
81
What is the highest common divisor of 169 and 143?
13
What is the highest common factor of 2 and 27?
1
Calculate the highest common factor of 42 and 1050.
42
What is the greatest common factor of 8 and 72?
8
Calculate the greatest common factor of 2730 and 630.
210
Calculate the greatest common divisor of 16165 and 305.
305
What is the greatest common factor of 49 and 7987?
49
What is the highest common factor of 450 and 50?
50
Calculate the highest common divisor of 103 and 1648.
103
Calculate the greatest common factor of 10 and 185.
5
What is the greatest common divisor of 1314 and 146?
146
What is the greatest common factor of 12850 and 50?
50
What is the greatest common factor of 15 and 9?
3
What is the greatest common factor of 372 and 12?
12
What is the highest common divisor of 100 and 4?
4
Calculate the greatest common divisor of 44 and 4.
4
Calculate the highest common factor of 1592 and 8.
8
Calculate the highest common divisor of 40 and 16.
8
What is the highest common divisor of 160 and 180?
20
Calculate the highest common factor of 291 and 3589.
97
What is the greatest common divisor of